y. Calculate the highest common factor of o and y.
11
Suppose 0*t + 3*t - 39 = 0. Suppose 4 = w + 6. Let d be 2*(1*28 + w). Calculate the greatest common factor of d and t.
13
Let m(j) = 6*j + 30. Let r be m(12). Calculate the highest common factor of 68 and r.
34
Suppose -3*h = -6, -57 = -4*l - 5*h + 33. Calculate the greatest common divisor of l and 20.
20
Suppose 2*x = -4*x + 924. What is the highest common factor of 14 and x?
14
Let u(n) be the first derivative of -19*n**4/4 - 2*n**3/3 - n**2/2 + 3. Let o be u(-1). Calculate the greatest common factor of 9 and o.
9
Suppose 3*x - 6 = 6*x. Let c be 36 + 2 + 3 + x. What is the greatest common divisor of 13 and c?
13
Suppose -5*d = -2*o + 10, 4*o = -4*d + 3*d + 20. Calculate the greatest common divisor of o and 15.
5
Let p(y) = y**3 - 9*y**2 + y - 11. Let v be p(9). Let t be (2 + -6)/(-4) - v. What is the highest common divisor of t and 18?
3
Suppose -8*x = -21*x + 3276. What is the greatest common factor of x and 14?
14
Let m = -295 + 421. Let n(g) = g**3 + 5*g**2 + 2*g + 6. Let y be n(-4). Calculate the greatest common divisor of y and m.
14
Let k(p) = p**3 + 5*p**2 - 7*p + 3. Let d be k(-6). Calculate the greatest common divisor of d and 27.
9
Let n = 136 - -26. Let l = 23 - 5. Calculate the greatest common factor of n and l.
18
Suppose 12*i - 5*i - 140 = 0. Calculate the highest common factor of 8 and i.
4
Let c(y) = -y**3 + 2*y**2 - y + 55. Let k be c(0). Let s be 0 - (-4 + 1 + -2). Suppose -29 = -s*b + 26. Calculate the greatest common factor of k and b.
11
Let y(u) = 3*u**2 - 6*u. Let k(w) = 4*w**2 - 6*w + 1. Let x(n) = 2*k(n) - 3*y(n). Let j be x(5). What is the highest common divisor of 49 and j?
7
Let i = 5 + 9. Suppose -5*r + a + 8 + 13 = 0, 2*a = -3*r + 10. Suppose 4*t = -3*u + 37, -4*t + r = -4*u - 12. Calculate the greatest common factor of i and t.
7
Let z = 36 + -26. What is the highest common factor of z and 40?
10
Suppose -7*b + 47 + 156 = 0. Let w(k) = -k**3 + 261. Let i be w(0). Calculate the highest common factor of b and i.
29
Suppose 0*d - 3*d = -12. Let o be d/(-6)*(-4 + -8). What is the highest common divisor of o and 24?
8
Suppose -412 = -5*r + 4*g, 0 = r - 3*g - 97 + 8. Calculate the greatest common factor of r and 10.
10
Suppose 4*x + 3*d - 79 = 0, -2*d = -3*x - 0*d + 38. Calculate the highest common divisor of 4 and x.
4
Let n(q) = -8*q**2 - 2 + q**3 + 2*q**2 - 3 + 6*q. Let r be n(5). Suppose -4 = -r*m - 4*m. Calculate the highest common factor of m and 9.
1
Suppose 3*x - 1 = 14. Let m(k) = k - 2. Let u be m(10). Suppose u*d - 4*d = 100. What is the highest common factor of d and x?
5
Suppose 2*u - 115 = -3*u. Suppose t - u = -3*v, -4*t + 3*v - v + 22 = 0. What is the highest common factor of t and 40?
8
Let u(w) = -w**3 - w - 2. Let h be u(-2). Calculate the greatest common factor of 56 and h.
8
Suppose -9 = 5*p - 49. Let x(n) = -2 + 2 - 3 - n. Let g be x(-4). Calculate the highest common factor of p and g.
1
Let i be ((-1)/1)/((-2)/10). Let g be ((-60)/i)/(3/(-2)). Suppose -b + g + 8 = 0. What is the highest common factor of b and 16?
16
Let u(j) = 4*j - 2. Let l be u(2). Let k = l + -4. Let v be 1/k - (-46)/4. Calculate the greatest common divisor of 24 and v.
12
Let t = 12 - 7. What is the greatest common factor of 80 and t?
5
Let g be (-42)/11 - 2/11. Let a be 0 + g/(-2) - 1. Calculate the highest common factor of 2 and a.
1
Let m = 520 - 352. Suppose 0 = -4*p + p + m. What is the highest common divisor of 14 and p?
14
Suppose -f + d + 6 = 0, 3*f - 3*d + 3 = 7*f. Let o be 7/5 - 2/5. Calculate the highest common divisor of f and o.
1
Let q = 2 - -2. Suppose 4*d = q*b - 5*b - 77, -d + 2*b = 8. Let s be 2/(-2 - d/8). Calculate the highest common divisor of 64 and s.
8
Let h be (-25)/(-10)*(-8)/(-5). Let d = 7 - h. Calculate the greatest common factor of d and 2.
1
Suppose n = -n + 32. Suppose l - 24 = 2*b - 0*b, 5*l + 2*b = 168. What is the greatest common divisor of n and l?
16
Let d be 3/1*(312/18 + 6). Calculate the greatest common factor of 175 and d.
35
Suppose -2 = -q + 1. Suppose -q*d + 78 = -57. What is the highest common factor of d and 9?
9
Suppose 3*p - 448 = -4*p. Let z(f) = -f**2 - 7*f + 6. Let l be z(-5). Calculate the highest common factor of p and l.
16
Let m be 4/(-10) - (-164)/10. Suppose -3*h + 9 - 3 = 0. Calculate the highest common factor of m and h.
2
Suppose g - h - 14 = -3*g, g - h = 5. Suppose -5*c + g*i = -33, -5*c - 2*i + 7 = -21. What is the greatest common divisor of c and 54?
6
Suppose -3*l + 15 = 0, -3*x + l - 13 + 32 = 0. What is the highest common divisor of x and 152?
8
Let j(q) = -q**3 + 9*q**2 + 2*q - 2. Let r be j(9). Suppose -4*v + 146 = -110. Calculate the highest common divisor of r and v.
16
Let i be 3/(12/(-16)) - -1. Let h be 3 - (-15 + (i - -1)). What is the highest common factor of h and 5?
5
Let v = 43 + -41. Calculate the highest common divisor of 1 and v.
1
Suppose -2*g + 182 = 2*c, -4*c - 111 = -g + 5. Let l = 1 - -11. Calculate the greatest common factor of l and g.
12
Suppose 454 = 2*l - 5*f + 57, 0 = -l - f + 195. Calculate the greatest common divisor of 28 and l.
28
Suppose -5*n + 208 = -0*n - 4*m, -5*n + 223 = m. Suppose -155 = 3*j - n. Let h = -7 - j. Calculate the highest common divisor of h and 20.
10
Let g be (-5)/(-2) - 5/(-10). Suppose 3*w = -w + 3*b + 21, -2*b - g = w. Let o be w/(-4)*(-3 + -9). What is the highest common factor of o and 6?
3
Let s(g) = 2*g**2 - 2*g + 2. Let z be ((-5)/1 - -1)*1. Let u = 7 + z. Let l be s(u). What is the highest common divisor of l and 21?
7
Let o(k) = k - 6. Let c be o(4). Suppose 4*x + 5 = 9*x. Let u = x - c. Calculate the greatest common factor of 21 and u.
3
Let l(t) = -4*t + 5*t - t**3 + t - t**2 + 3. Let y be l(-2). Suppose -3*c + 22 = u, 6 = -y*u - 0. What is the highest common factor of c and 8?
8
Let y be 250/(-3)*(-12)/5. Suppose -3*d + 2*d + 90 = 0. Let p = y - d. What is the highest common divisor of p and 10?
10
Let z be ((-60)/(-15) + 29/(-2))*-10. Calculate the highest common factor of z and 140.
35
Suppose 181 = 4*p + d, 0 = 2*p - 0*d - 2*d - 88. What is the highest common divisor of 9 and p?
9
Suppose -11 = -5*r + 39. Calculate the greatest common factor of r and 30.
10
Suppose 0*s = 4*s - 72. Suppose 0 = 2*h - 345 + 57. What is the greatest common divisor of s and h?
18
Suppose -11*v = -5*v - 168. Calculate the greatest common divisor of v and 308.
28
Let j be -1 - (-5 + 3) - (-207)/3. What is the highest common factor of 105 and j?
35
Let w(m) = 6*m + 52. Let l be w(-5). What is the greatest common divisor of 88 and l?
22
Let g(j) = -j**2 + 8*j + 7. Let u be g(8). Let h be -6*(-1)/((-2)/(-49)). Suppose -z + 4*z = h. Calculate the greatest common factor of u and z.
7
Let t(z) = -z**2 + 11*z + 10. Let f be t(12). Let c be 2 + -1 - (f - -5). Let m be -3*c/(-2) - -8. Calculate the greatest common divisor of m and 5.
5
Let q(n) = -n**2 - 4*n - 1. Let x(b) = b**3 + 5*b**2 - 6*b - 3. Let z be x(-6). Let s be q(z). What is the highest common factor of 18 and s?
2
Suppose 0 = 4*y - 9 - 7. Suppose y*w - 20 = -4. Let b be (-2)/w*(4 - 32). What is the highest common divisor of b and 70?
14
Let m = -33 + 53. Suppose 14*i - 25 = 9*i. Calculate the highest common divisor of m and i.
5
Let z(p) = -4*p - 4. Suppose -2*b + 30 = -0*b. Let a be (-3 - (-24)/9)*b. Let m be z(a). Calculate the highest common divisor of m and 80.
16
Suppose 4*g + 5*r - 3 = 282, 0 = -3*g + 3*r + 207. Let x be (-1)/(1/(-4))*-6. Let l = -10 - x. What is the greatest common divisor of l and g?
14
Suppose 4*t + 8 = -3*w + 25, -2 = -4*t + 2*w. Suppose q - 4*q + 52 = -t*p, -2*q + 4*p + 32 = 0. What is the highest common factor of q and 9?
9
Let z be 3 + -6 - (1 - 11). Suppose 5*h - 83 = 197. What is the highest common divisor of h and z?
7
Suppose p - 2*f = 14, -p + f - 1 + 19 = 0. What is the greatest common divisor of 11 and p?
11
Let g(r) = r**3 + 17*r**2 + 11*r. Let q be g(-16). Calculate the greatest common factor of q and 8.
8
Let r(o) = -o**2 + 4*o + 3. Let y be r(4). Suppose 0 = -y*n + 5*n + 2. Let b be n/(-3)*(-3 + 18). Calculate the greatest common divisor of 15 and b.
5
Let g be (-2)/(1/(-2)*1). Suppose 3*b = 2*z - 40 + 14, 5*z + 5*b - 90 = 0. Calculate the greatest common factor of